{"id":71,"date":"2020-10-21T21:28:00","date_gmt":"2020-10-21T19:28:00","guid":{"rendered":"https:\/\/dafranco-vonhausen.de\/?page_id=71"},"modified":"2025-11-19T17:18:59","modified_gmt":"2025-11-19T15:18:59","slug":"oeffnungszeiten","status":"publish","type":"page","link":"https:\/\/dafranco-vonhausen.de\/index.php\/oeffnungszeiten\/","title":{"rendered":"\u00d6ffnungszeiten"},"content":{"rendered":"\n<p><\/p>\n\n\n\n<p>Am 1. Mai haben wir geschlossen.<\/p>\n\n\n\n<p><\/p>\n\n\n\n<p><strong>Mittwoch \u2013 Donnerstag<\/strong> <strong>17:30 Uhr \u2013 22:30 Uhr<\/strong><\/p>\n\n\n\n<p><strong>Freitag &#8211; 17:30 Uhr \u2013 23:00 Uhr<\/strong><\/p>\n\n\n\n<p><strong>Samstag: 17:00 Uhr \u2013 23:00 Uhr<\/strong><\/p>\n\n\n\n<p>Abholungen ab 16 Uhr m\u00f6glich!<\/p>\n\n\n\n<p><strong><br>Sonn- und Feiertags: 13:00 \u2013 21:00 Uhr<br>Montag &amp; Dienstag geschlossen.<\/strong><\/p>\n\n\n\n<p>Tischreservierungen im Innen- und Au\u00dfenbereich m\u00f6glich. F\u00fcr den Innenbereich ist ein tagesaktueller negativer Antigen Test oder der Nachweis \u00fcber eine vollst\u00e4ndige Impfung erforderlich.<\/p>\n\n\n\n<p>Bitte bestellen Sie&nbsp;<strong>nur telefonisch<\/strong>&nbsp;unter der Rufnummer&nbsp;<strong>06042-957829<\/strong><\/p>\n\n\n\n<p>Bitte beachten Sie die ausgeh\u00e4ngten Hygiene- und Abstandsma\u00dfnahmen an der Eingangst\u00fcr!<\/p>\n","protected":false},"excerpt":{"rendered":"<p>Am 1. Mai haben wir geschlossen. Mittwoch \u2013 Donnerstag 17:30 Uhr \u2013 22:30 Uhr Freitag &#8211; 17:30 Uhr \u2013 23:00 Uhr Samstag: 17:00 Uhr \u2013 23:00 Uhr Abholungen ab 16 Uhr m\u00f6glich! Sonn- und Feiertags: 13:00 \u2013 21:00 UhrMontag &amp; Dienstag geschlossen. Tischreservierungen im Innen- und Au\u00dfenbereich m\u00f6glich. F\u00fcr den Innenbereich ist ein tagesaktueller negativer Antigen Test oder der Nachweis \u00fcber eine vollst\u00e4ndige Impfung erforderlich. Bitte bestellen Sie&nbsp;nur telefonisch&nbsp;unter der Rufnummer&nbsp;06042-957829 Bitte beachten Sie die ausgeh\u00e4ngten Hygiene- und Abstandsma\u00dfnahmen an der Eingangst\u00fcr!<\/p>\n","protected":false},"author":1,"featured_media":0,"parent":0,"menu_order":0,"comment_status":"closed","ping_status":"closed","template":"","meta":{"footnotes":""},"class_list":["post-71","page","type-page","status-publish","hentry"],"yoast_head":"<!-- This site is optimized with the Yoast SEO plugin v27.3 - https:\/\/yoast.com\/product\/yoast-seo-wordpress\/ -->\n<title>\u00d6ffnungszeiten - Trattoria da Franco<\/title>\n<meta name=\"robots\" content=\"index, follow, max-snippet:-1, max-image-preview:large, max-video-preview:-1\" \/>\n<link rel=\"canonical\" href=\"https:\/\/dafranco-vonhausen.de\/index.php\/oeffnungszeiten\/\" \/>\n<meta property=\"og:locale\" content=\"de_DE\" \/>\n<meta property=\"og:type\" content=\"article\" \/>\n<meta property=\"og:title\" content=\"\u00d6ffnungszeiten - Trattoria da Franco\" \/>\n<meta property=\"og:description\" content=\"Am 1. Mai haben wir geschlossen. Mittwoch \u2013 Donnerstag 17:30 Uhr \u2013 22:30 Uhr Freitag &#8211; 17:30 Uhr \u2013 23:00 Uhr Samstag: 17:00 Uhr \u2013 23:00 Uhr Abholungen ab 16 Uhr m\u00f6glich! Sonn- und Feiertags: 13:00 \u2013 21:00 UhrMontag &amp; Dienstag geschlossen. Tischreservierungen im Innen- und Au\u00dfenbereich m\u00f6glich. F\u00fcr den Innenbereich ist ein tagesaktueller negativer Antigen Test oder der Nachweis \u00fcber eine vollst\u00e4ndige Impfung erforderlich. Bitte bestellen Sie&nbsp;nur telefonisch&nbsp;unter der Rufnummer&nbsp;06042-957829 Bitte beachten Sie die ausgeh\u00e4ngten Hygiene- und Abstandsma\u00dfnahmen an der Eingangst\u00fcr!\" \/>\n<meta property=\"og:url\" content=\"https:\/\/dafranco-vonhausen.de\/index.php\/oeffnungszeiten\/\" \/>\n<meta property=\"og:site_name\" content=\"Trattoria da Franco\" \/>\n<meta property=\"article:modified_time\" content=\"2025-11-19T15:18:59+00:00\" \/>\n<meta name=\"twitter:card\" content=\"summary_large_image\" \/>\n<meta name=\"twitter:label1\" content=\"Gesch\u00e4tzte Lesezeit\" \/>\n\t<meta name=\"twitter:data1\" content=\"1\u00a0Minute\" \/>\n<script type=\"application\/ld+json\" class=\"yoast-schema-graph\">{\"@context\":\"https:\\\/\\\/schema.org\",\"@graph\":[{\"@type\":\"WebPage\",\"@id\":\"https:\\\/\\\/dafranco-vonhausen.de\\\/index.php\\\/oeffnungszeiten\\\/\",\"url\":\"https:\\\/\\\/dafranco-vonhausen.de\\\/index.php\\\/oeffnungszeiten\\\/\",\"name\":\"\u00d6ffnungszeiten - Trattoria da Franco\",\"isPartOf\":{\"@id\":\"https:\\\/\\\/dafranco-vonhausen.de\\\/#website\"},\"datePublished\":\"2020-10-21T19:28:00+00:00\",\"dateModified\":\"2025-11-19T15:18:59+00:00\",\"breadcrumb\":{\"@id\":\"https:\\\/\\\/dafranco-vonhausen.de\\\/index.php\\\/oeffnungszeiten\\\/#breadcrumb\"},\"inLanguage\":\"de\",\"potentialAction\":[{\"@type\":\"ReadAction\",\"target\":[\"https:\\\/\\\/dafranco-vonhausen.de\\\/index.php\\\/oeffnungszeiten\\\/\"]}]},{\"@type\":\"BreadcrumbList\",\"@id\":\"https:\\\/\\\/dafranco-vonhausen.de\\\/index.php\\\/oeffnungszeiten\\\/#breadcrumb\",\"itemListElement\":[{\"@type\":\"ListItem\",\"position\":1,\"name\":\"Home\",\"item\":\"https:\\\/\\\/dafranco-vonhausen.de\\\/\"},{\"@type\":\"ListItem\",\"position\":2,\"name\":\"\u00d6ffnungszeiten\"}]},{\"@type\":\"WebSite\",\"@id\":\"https:\\\/\\\/dafranco-vonhausen.de\\\/#website\",\"url\":\"https:\\\/\\\/dafranco-vonhausen.de\\\/\",\"name\":\"Trattoria da Franco\",\"description\":\"\",\"potentialAction\":[{\"@type\":\"SearchAction\",\"target\":{\"@type\":\"EntryPoint\",\"urlTemplate\":\"https:\\\/\\\/dafranco-vonhausen.de\\\/?s={search_term_string}\"},\"query-input\":{\"@type\":\"PropertyValueSpecification\",\"valueRequired\":true,\"valueName\":\"search_term_string\"}}],\"inLanguage\":\"de\"}]}<\/script>\n<!-- \/ Yoast SEO plugin. -->","yoast_head_json":{"title":"\u00d6ffnungszeiten - Trattoria da Franco","robots":{"index":"index","follow":"follow","max-snippet":"max-snippet:-1","max-image-preview":"max-image-preview:large","max-video-preview":"max-video-preview:-1"},"canonical":"https:\/\/dafranco-vonhausen.de\/index.php\/oeffnungszeiten\/","og_locale":"de_DE","og_type":"article","og_title":"\u00d6ffnungszeiten - Trattoria da Franco","og_description":"Am 1. Mai haben wir geschlossen. Mittwoch \u2013 Donnerstag 17:30 Uhr \u2013 22:30 Uhr Freitag &#8211; 17:30 Uhr \u2013 23:00 Uhr Samstag: 17:00 Uhr \u2013 23:00 Uhr Abholungen ab 16 Uhr m\u00f6glich! Sonn- und Feiertags: 13:00 \u2013 21:00 UhrMontag &amp; Dienstag geschlossen. Tischreservierungen im Innen- und Au\u00dfenbereich m\u00f6glich. F\u00fcr den Innenbereich ist ein tagesaktueller negativer Antigen Test oder der Nachweis \u00fcber eine vollst\u00e4ndige Impfung erforderlich. Bitte bestellen Sie&nbsp;nur telefonisch&nbsp;unter der Rufnummer&nbsp;06042-957829 Bitte beachten Sie die ausgeh\u00e4ngten Hygiene- und Abstandsma\u00dfnahmen an der Eingangst\u00fcr!","og_url":"https:\/\/dafranco-vonhausen.de\/index.php\/oeffnungszeiten\/","og_site_name":"Trattoria da Franco","article_modified_time":"2025-11-19T15:18:59+00:00","twitter_card":"summary_large_image","twitter_misc":{"Gesch\u00e4tzte Lesezeit":"1\u00a0Minute"},"schema":{"@context":"https:\/\/schema.org","@graph":[{"@type":"WebPage","@id":"https:\/\/dafranco-vonhausen.de\/index.php\/oeffnungszeiten\/","url":"https:\/\/dafranco-vonhausen.de\/index.php\/oeffnungszeiten\/","name":"\u00d6ffnungszeiten - Trattoria da Franco","isPartOf":{"@id":"https:\/\/dafranco-vonhausen.de\/#website"},"datePublished":"2020-10-21T19:28:00+00:00","dateModified":"2025-11-19T15:18:59+00:00","breadcrumb":{"@id":"https:\/\/dafranco-vonhausen.de\/index.php\/oeffnungszeiten\/#breadcrumb"},"inLanguage":"de","potentialAction":[{"@type":"ReadAction","target":["https:\/\/dafranco-vonhausen.de\/index.php\/oeffnungszeiten\/"]}]},{"@type":"BreadcrumbList","@id":"https:\/\/dafranco-vonhausen.de\/index.php\/oeffnungszeiten\/#breadcrumb","itemListElement":[{"@type":"ListItem","position":1,"name":"Home","item":"https:\/\/dafranco-vonhausen.de\/"},{"@type":"ListItem","position":2,"name":"\u00d6ffnungszeiten"}]},{"@type":"WebSite","@id":"https:\/\/dafranco-vonhausen.de\/#website","url":"https:\/\/dafranco-vonhausen.de\/","name":"Trattoria da Franco","description":"","potentialAction":[{"@type":"SearchAction","target":{"@type":"EntryPoint","urlTemplate":"https:\/\/dafranco-vonhausen.de\/?s={search_term_string}"},"query-input":{"@type":"PropertyValueSpecification","valueRequired":true,"valueName":"search_term_string"}}],"inLanguage":"de"}]}},"acf":[],"_links":{"self":[{"href":"https:\/\/dafranco-vonhausen.de\/index.php\/wp-json\/wp\/v2\/pages\/71","targetHints":{"allow":["GET"]}}],"collection":[{"href":"https:\/\/dafranco-vonhausen.de\/index.php\/wp-json\/wp\/v2\/pages"}],"about":[{"href":"https:\/\/dafranco-vonhausen.de\/index.php\/wp-json\/wp\/v2\/types\/page"}],"author":[{"embeddable":true,"href":"https:\/\/dafranco-vonhausen.de\/index.php\/wp-json\/wp\/v2\/users\/1"}],"replies":[{"embeddable":true,"href":"https:\/\/dafranco-vonhausen.de\/index.php\/wp-json\/wp\/v2\/comments?post=71"}],"version-history":[{"count":11,"href":"https:\/\/dafranco-vonhausen.de\/index.php\/wp-json\/wp\/v2\/pages\/71\/revisions"}],"predecessor-version":[{"id":556,"href":"https:\/\/dafranco-vonhausen.de\/index.php\/wp-json\/wp\/v2\/pages\/71\/revisions\/556"}],"wp:attachment":[{"href":"https:\/\/dafranco-vonhausen.de\/index.php\/wp-json\/wp\/v2\/media?parent=71"}],"curies":[{"name":"wp","href":"https:\/\/api.w.org\/{rel}","templated":true}]}}